{"id":5675,"date":"2025-12-03T15:21:12","date_gmt":"2025-12-03T14:21:12","guid":{"rendered":"https:\/\/wiwagroup.sk\/nehnutelnosti\/tagas-ketszintes-csaladi-haz-nesvady\/"},"modified":"2025-12-18T12:00:39","modified_gmt":"2025-12-18T11:00:39","slug":"tagas-ketszintes-csaladi-haz-nesvady","status":"publish","type":"nehnutelnosti","link":"https:\/\/wiwagroup.sk\/hu\/nehnutelnosti\/tagas-ketszintes-csaladi-haz-nesvady\/","title":{"rendered":"T\u00e1gas k\u00e9tszintes csal\u00e1di h\u00e1z &#8211; Naszvad"},"content":{"rendered":"\n<p>\u00c1rcs\u00f6kken\u00e9s<\/p>\n\n\n\n<p>T\u00e1gas, emeletes csal\u00e1di h\u00e1z elad\u00f3 Naszvadon.<\/p>\n\n\n\n<p>R\u00e9gi \u00e1r: 165 000 \u20ac<\/p>\n\n\n\n<p>\u00daj \u00e1r: 155 000 \u20ac.<\/p>\n\n\n\n<p>Elad\u00e1sra k\u00edn\u00e1lunk egy&nbsp;t\u00e1gas k\u00e9tszintes csal\u00e1di h\u00e1zat Naszvadon.<\/p>\n\n\n\n<p>A h\u00e1z csendes k\u00f6rnyezetben tal\u00e1lhat\u00f3, \u00e9s ide\u00e1lis \u00e9letet k\u00edn\u00e1l egy csal\u00e1d sz\u00e1m\u00e1ra.<\/p>\n\n\n\n<p>A h\u00e1z Ytong anyagb\u00f3l \u00e9p\u00fclt.<\/p>\n\n\n\n<p>Az ablakok eredetiek, f\u00e1b\u00f3l k\u00e9sz\u00fcltek.<\/p>\n\n\n\n<p>A h\u00e1z egyszintes \u00e9s egy f\u00e9lemelettel rendelkezik.<\/p>\n\n\n\n<p>A f\u00f6ldszinten tal\u00e1lhat\u00f3 egy be\u00e9p\u00edtett gar\u00e1zs, egy ny\u00e1ri konyha \u00e9s egy f\u00fcrd\u0151szoba.<\/p>\n\n\n\n<p>Az alagsorban tal\u00e1lhat\u00f3 az alagsor, amely h\u00e1rom helyis\u00e9gb\u0151l \u00e1ll.<\/p>\n\n\n\n<p>A f\u00e9lemeleten tal\u00e1lhat\u00f3 egy el\u0151szoba, nappali, egy szoba, kamra \u00e9s WC.<\/p>\n\n\n\n<p>Az emeleten h\u00e1rom h\u00e1l\u00f3szoba \u00e9s egy f\u00fcrd\u0151szoba WC-vel tal\u00e1lhat\u00f3.<\/p>\n\n\n\n<p>A kertben van egy kis t\u00f3.<\/p>\n\n\n\n<p>A&nbsp;telek beker\u00edtett.<\/p>\n\n\n\n<p>Alapter\u00fclet kb. \ud835\udfd0\ud835\udfd3\ud835\udfce \ud835\udc26\u00b2, telek m\u00e9rete kb. &nbsp;\ud835\udfd3\ud835\udfd0\ud835\udfd4 \ud835\udc26\u00b2.<\/p>\n\n\n\n<p>F\u0171t\u00e9s: g\u00e1z<\/p>\n\n\n\n<p>K\u00f6zm\u0171 : villany, kommun\u00e1lis v\u00edz, g\u00e1z, f\u00fart k\u00fat, szennyv\u00edzcsatorna, csatornah\u00e1l\u00f3zatra val\u00f3 csatlakoz\u00e1s lehet\u0151s\u00e9ge.<\/p>\n\n\n\n<p>Tov\u00e1bbi inform\u00e1ci\u00f3\u00e9rt forduljon hozz\u00e1nk a k\u00f6vetkez\u0151 el\u00e9rhet\u0151s\u00e9geken:<\/p>\n\n\n\n<p>+421 948 153 558<\/p>\n\n\n\n<p>+421 905 522 389<\/p>\n\n\n\n<p>+421 947 930 291<\/p>\n\n\n\n<p>+421 918 454 525<\/p>\n\n\n\n<p>info@wiwagroup.sk<\/p>\n\n\n\n<p>www.wiwagroup.sk<\/p>\n\n\n\n<p><\/p>\n","protected":false},"featured_media":5734,"template":"","meta":{"_acf_changed":false,"site-sidebar-layout":"default","site-content-layout":"","ast-site-content-layout":"default","site-content-style":"default","site-sidebar-style":"default","ast-global-header-display":"","ast-banner-title-visibility":"","ast-main-header-display":"","ast-hfb-above-header-display":"","ast-hfb-below-header-display":"","ast-hfb-mobile-header-display":"","site-post-title":"","ast-breadcrumbs-content":"","ast-featured-img":"","footer-sml-layout":"","theme-transparent-header-meta":"","adv-header-id-meta":"","stick-header-meta":"","header-above-stick-meta":"","header-main-stick-meta":"","header-below-stick-meta":"","astra-migrate-meta-layouts":"default","ast-page-background-enabled":"default","ast-page-background-meta":{"desktop":{"background-color":"var(--ast-global-color-5)","background-image":"","background-repeat":"repeat","background-position":"center center","background-size":"auto","background-attachment":"scroll","background-type":"","background-media":"","overlay-type":"","overlay-color":"","overlay-opacity":"","overlay-gradient":""},"tablet":{"background-color":"","background-image":"","background-repeat":"repeat","background-position":"center center","background-size":"auto","background-attachment":"scroll","background-type":"","background-media":"","overlay-type":"","overlay-color":"","overlay-opacity":"","overlay-gradient":""},"mobile":{"background-color":"","background-image":"","background-repeat":"repeat","background-position":"center center","background-size":"auto","background-attachment":"scroll","background-type":"","background-media":"","overlay-type":"","overlay-color":"","overlay-opacity":"","overlay-gradient":""}},"ast-content-background-meta":{"desktop":{"background-color":"var(--ast-global-color-4)","background-image":"","background-repeat":"repeat","background-position":"center center","background-size":"auto","background-attachment":"scroll","background-type":"","background-media":"","overlay-type":"","overlay-color":"","overlay-opacity":"","overlay-gradient":""},"tablet":{"background-color":"var(--ast-global-color-4)","background-image":"","background-repeat":"repeat","background-position":"center center","background-size":"auto","background-attachment":"scroll","background-type":"","background-media":"","overlay-type":"","overlay-color":"","overlay-opacity":"","overlay-gradient":""},"mobile":{"background-color":"var(--ast-global-color-4)","background-image":"","background-repeat":"repeat","background-position":"center center","background-size":"auto","background-attachment":"scroll","background-type":"","background-media":"","overlay-type":"","overlay-color":"","overlay-opacity":"","overlay-gradient":""}}},"mesto":[159],"nehnutelnost-typ":[172,21],"podrobnosti-nehnutelnosti":[173,156,124],"stav-nehnutelnosti":[145],"typ-predaja":[],"ucel-predaja":[132],"class_list":["post-5675","nehnutelnosti","type-nehnutelnosti","status-publish","has-post-thumbnail","hentry","mesto-naszvad","nehnutelnost-typ-csaladi-haz","nehnutelnost-typ-dom","podrobnosti-nehnutelnosti-a-kamra","podrobnosti-nehnutelnosti-garazs","podrobnosti-nehnutelnosti-wc","stav-nehnutelnosti-eredeti","ucel-predaja-elado"],"acf":[],"_links":{"self":[{"href":"https:\/\/wiwagroup.sk\/hu\/wp-json\/wp\/v2\/nehnutelnosti\/5675","targetHints":{"allow":["GET"]}}],"collection":[{"href":"https:\/\/wiwagroup.sk\/hu\/wp-json\/wp\/v2\/nehnutelnosti"}],"about":[{"href":"https:\/\/wiwagroup.sk\/hu\/wp-json\/wp\/v2\/types\/nehnutelnosti"}],"wp:featuredmedia":[{"embeddable":true,"href":"https:\/\/wiwagroup.sk\/hu\/wp-json\/wp\/v2\/media\/5734"}],"wp:attachment":[{"href":"https:\/\/wiwagroup.sk\/hu\/wp-json\/wp\/v2\/media?parent=5675"}],"wp:term":[{"taxonomy":"mesto","embeddable":true,"href":"https:\/\/wiwagroup.sk\/hu\/wp-json\/wp\/v2\/mesto?post=5675"},{"taxonomy":"nehnutelnost-typ","embeddable":true,"href":"https:\/\/wiwagroup.sk\/hu\/wp-json\/wp\/v2\/nehnutelnost-typ?post=5675"},{"taxonomy":"podrobnosti-nehnutelnosti","embeddable":true,"href":"https:\/\/wiwagroup.sk\/hu\/wp-json\/wp\/v2\/podrobnosti-nehnutelnosti?post=5675"},{"taxonomy":"stav-nehnutelnosti","embeddable":true,"href":"https:\/\/wiwagroup.sk\/hu\/wp-json\/wp\/v2\/stav-nehnutelnosti?post=5675"},{"taxonomy":"typ-predaja","embeddable":true,"href":"https:\/\/wiwagroup.sk\/hu\/wp-json\/wp\/v2\/typ-predaja?post=5675"},{"taxonomy":"ucel-predaja","embeddable":true,"href":"https:\/\/wiwagroup.sk\/hu\/wp-json\/wp\/v2\/ucel-predaja?post=5675"}],"curies":[{"name":"wp","href":"https:\/\/api.w.org\/{rel}","templated":true}]}}

Tágas kétszintes családi ház &#8211; Naszvad

<p>Árcsökkenés</p>



<p>Tágas, emeletes családi ház eladó Naszvadon.</p>



<p>Régi ár: 165 000 €</p>



<p>Új ár: 155 000 €.</p>



<p>Eladásra kínálunk egy&nbsp;tágas kétszintes családi házat Naszvadon.</p>



<p>A ház csendes környezetben található, és ideális életet kínál egy család számára.</p>



<p>A ház Ytong anyagból épült.</p>



<p>Az ablakok eredetiek, fából készültek.</p>



<p>A ház egyszintes és egy félemelettel rendelkezik.</p>



<p>A földszinten található egy beépített garázs, egy nyári konyha és egy fürdőszoba.</p>



<p>Az alagsorban található az alagsor, amely három helyiségből áll.</p>



<p>A félemeleten található egy előszoba, nappali, egy szoba, kamra és WC.</p>



<p>Az emeleten három hálószoba és egy fürdőszoba WC-vel található.</p>



<p>A kertben van egy kis tó.</p>



<p>A&nbsp;telek bekerített.</p>



<p>Alapterület kb. 𝟐𝟓𝟎 𝐦², telek mérete kb. &nbsp;𝟓𝟐𝟔 𝐦².</p>



<p>Fűtés: gáz</p>



<p>Közmű : villany, kommunális víz, gáz, fúrt kút, szennyvízcsatorna, csatornahálózatra való csatlakozás lehetősége.</p>



<p>További információért forduljon hozzánk a következő elérhetőségeken:</p>



<p>+421 948 153 558</p>



<p>+421 905 522 389</p>



<p>+421 947 930 291</p>



<p>+421 918 454 525</p>



<p>info@wiwagroup.sk</p>



<p>www.wiwagroup.sk</p>



<p></p>
